9
Let h(v) = -12*v - 3481 + 3*v + 3440 + 3*v**2. What is the units digit of h(-10)?
9
Let i(t) = 2503*t + 7439. What is the hundreds digit of i(5)?
9
Suppose 3*f + r = 7*f - 16, 4*f - 20 = 2*r. Suppose o - 4*h - 1016 = 0, 8*o = f*o + h + 5099. What is the thousands digit of o?
1
What is the ten thousands digit of 7 + (10 - (-2 + 8)) + 39527?
3
Suppose -12*w = 5*w - 1043205. What is the thousands digit of w?
1
Suppose -f + k - 4 = 0, -2*f + k - 20 = 2*k. Let x(d) = 3*d**2 + 6*d - 17. Let b be x(f). Suppose a + 96 = y, 2*y - b - 62 = 3*a. What is the tens digit of y?
9
Let n = 41 - 46. Let d(k) = -9*k + 3. Let z be d(n). Let f = z + -38. What is the tens digit of f?
1
Let m(p) = p**3 + 65*p**2 - 630*p - 50. What is the tens digit of m(30)?
5
Suppose 2*o = 118 - 10. What is the tens digit of -1 + (-3099)/(-27) - (-12)/o?
1
Suppose -29*w + 162026 = -167691 - 147217. What is the hundreds digit of w?
4
Let f(n) = 3*n**2 + 3*n + 6. Let g be f(3). Let s be 3/(-2)*(-6020)/g. Let m = s - 6. What is the hundreds digit of m?
2
Suppose 0 = -7*u + 14*u - 20118. Let d = u - 1698. What is the units digit of d?
6
Let j = 252 + 1821. What is the thousands digit of j?
2
Suppose 0 = -15*c + 1574 + 11731. Suppose 0 = 2*l - u - 1785, -c = -4*l + 3*l - 5*u. What is the hundreds digit of l?
8
Suppose -6*j + j + 40 = 0. Suppose 2*k = 3*g - j*g - 10, -k = -4*g - 21. Suppose r = -2*l + 66, k*r - 2*l = 2*l + 316. What is the tens digit of r?
6
Suppose 4*w - 5*r = -5 + 7, 0 = 3*w - 2*r - 5. Suppose 342 = w*h - 201. What is the hundreds digit of h?
1
Let p = 15548 + -15899. Suppose 0 = -k + 7*q - 2*q - 144, 4*q = 4*k + 656. Let t = k - p. What is the units digit of t?
2
Let g(p) = -p**3 + 34*p**2 + 208*p + 48. What is the hundreds digit of g(21)?
1
What is the hundreds digit of 184*((-715)/52)/(-5)?
5
Suppose 0 = -s - m, 0 = -7*s + 6*s + 4*m. Suppose -3*w - 34 = -3*r + 26, -3*w - 4*r - 46 = s. What is the tens digit of (-2562)/w + 2/3?
4
Let l = -316 - -196. Suppose -4*o = -c - 2*o - 57, 5*c = 3*o - 320. Let s = c - l. What is the units digit of s?
3
Suppose l + 6*i - 3*i = 187, -4*l + i + 761 = 0. Let g be l - (2 - 3 - -5). Suppose -2*q + g = -36. What is the units digit of q?
1
Let u be (-2)/(-3) + (-11)/3 + 3. Let c be (2/(-4))/(-5*(-2)/(-60)). Suppose -6*f = -f + 5, c*s - 2*f - 728 = u. What is the units digit of s?
2
Let w(a) = -11*a + 116. Suppose 23 = 6*m - 25. What is the tens digit of w(m)?
2
Suppose 0 = -570*r - 28*r + 2985814. What is the units digit of r?
3
Let t(b) be the second derivative of -95/6*b**3 + 0*b**2 + 0 + 33*b. What is the units digit of t(-1)?
5
Let b = 73 + -44. Suppose 11*f - 29 = 15. Suppose -f*x + b = -59. What is the units digit of x?
2
Suppose 11*a = -8*a + 95. Let u(x) = -x**3 - 48 + 11*x**2 + 29 + 28 - 2*x. What is the hundreds digit of u(a)?
1
Suppose 3865*k = 3807*k + 2789800. What is the hundreds digit of k?
1
Let n(s) = 347*s - 27*s + 238*s + 115*s. What is the tens digit of n(1)?
7
Let m(j) = 41*j - 5. Let b be 2/(-4)*(2 + (-6 - 2)). Suppose 10 = b*p + 4. What is the tens digit of m(p)?
7
Suppose -29947 = -4*z - z + m, -5*z + 30003 = -9*m. What is the thousands digit of z?
5
Suppose -17*b + 31*b - 349916 = 0. What is the tens digit of b?
9
Let j(i) = -i**3 - 21*i**2 - 26*i - 5. Let m be j(-13). Let n = -684 - m. What is the units digit of n?
5
Suppose -2*p + z + 4710 = 0, 7063 = 8*p - 5*p - z. What is the tens digit of p?
5
Let q = -45402 + 75029. What is the thousands digit of q?
9
Suppose -7*r = -11*r + 10*m + 19262, r - m - 4823 = 0. What is the thousands digit of r?
4
Suppose 2*h - 9*h = -5*h. Suppose -103*a + 106*a - 6 = h. What is the units digit of (5/a)/((-3)/228*-2)?
5
Let t(o) = 38*o**2 + 120*o + 805. What is the hundreds digit of t(-30)?
4
Suppose -3*d + l = -27732, -l - 4*l = -30. What is the hundreds digit of d?
2
Let d(p) = -p**3 - 4*p + 1592. Let v be d(0). Let n = v - 968. What is the units digit of n?
4
Suppose -q + 1615 + 2596 = 5*b, -12548 = -3*q + 2*b. What is the hundreds digit of q?
1
Let h be (19 - 5)/2 + -4. What is the hundreds digit of 5 + (1089/h)/1?
3
Suppose 182 = -0*k + 7*k. Let h = k - 19. Suppose -h*u + 112 = -0*u. What is the units digit of u?
6
Let l(d) = -8*d + 17*d + 38 - 20*d**2 + 13*d**2 + 6*d**2. Let x be l(12). What is the tens digit of (6/(-15))/(x/(-1390))?
7
Let x = 311 + -305. Suppose -s - 3*w = -312, -s + x*w - 7*w + 310 = 0. What is the hundreds digit of s?
3
Let c = 135 - 132. Suppose c*g = 5*k + 1238, 5*g + k - 2110 = -0*g. Suppose -4*n + g = -227. What is the tens digit of n?
6
Let t(v) = 3*v**2 - 28*v - 25. Let k be t(-9). Let w be 35/11 - 4/22. Suppose -2*f - 3*c + k = 0, -4*c = w*f - 322 - 384. What is the tens digit of f?
3
Let j(g) = 505*g**2. Let u be j(1). Let d = u - 203. What is the tens digit of d?
0
Let y(w) = -3*w**2 + 24*w + 9. Let a be y(8). Suppose -3*f = 3*v - 1056, -1028 = a*v - 12*v + 4*f. What is the units digit of v?
8
Let b = 158 + -47. Let y = 63 + b. What is the units digit of y?
4
What is the units digit of (-96559)/(-2) + 1476/(-72) + 19?
8
Let u = 12041 - 7192. Suppose -25*c + u = -12*c. What is the hundreds digit of c?
3
Let t be 1/(8/359) + (-22)/(-176). Let w = t - -149. What is the units digit of w?
4
Let r = 4000 - 2805. Suppose 5*o + 485 = r. What is the tens digit of o?
4
Let c = -114 + 118. Let s be ((-3)/c)/(13/208). What is the hundreds digit of 4/s - (-2044)/12?
1
What is the units digit of ((15*-30)/3)/(-4 + (-2046)/(-516))?
0
Let s be (-18 + 6)*(27/(-6) + 4). What is the hundreds digit of 1*301 + (12 - 60/s)?
3
Let c = 2874 + 978. What is the units digit of c?
2
Let n = -48 + 42. Let i(u) = -u - 9. Let d be i(n). What is the units digit of ((-2)/6)/(d*(-2)/(-4014))?
3
Suppose 4*h - z = 10032, -10*h - 5018 = -12*h + z. What is the units digit of h?
7
What is the tens digit of (6 - (-3363 + -5 + 5))/((-3)/(-11))?
5
Let v = -8307 - -16170. What is the units digit of v?
3
Let j(q) = 10*q + 12. Let g be j(-2). Let u = g + 436. What is the units digit of u?
8
Let z be (-3)/(-15) - (-238)/35. Suppose 2*h = z*h - 4*i - 3648, 726 = h + i. What is the hundreds digit of h?
7
Let g = -100 + 99. What is the units digit of (8/(-6) - g)/((-6)/3330)?
5
Suppose -214850 = -12*o - 10538. What is the thousands digit of o?
7
Let t(o) = 32*o**2 - 265*o + 2. What is the units digit of t(16)?
4
Suppose 535*a - 1084*a = -520*a - 913935. What is the units digit of a?
5
Suppose 4*l = -3*z + 18, 0 = 4*z - 5*l + 1 + 6. Suppose -y + 846 = -5*n, 6*y - 11*y = z*n - 4122. What is the tens digit of y?
2
Let h(d) = 2*d**2 + 12*d - 6. Let u be h(-7). Suppose -u*l = -l - 2177. Let z = l - 205. What is the units digit of z?
6
Suppose 2*m - 1245 = -405. Suppose -m - 54 = 5*y + 2*t, -4*y - 384 = 4*t. Let o = 173 + y. What is the units digit of o?
9
Let k(r) = -2*r**2 + 32*r + 641. What is the tens digit of k(0)?
4
Suppose -3 = -3*a, -62377 = -2*h - 5*a + 4634. Let z = -17093 + h. What is the tens digit of z/75 + 1/5?
1
Suppose 0 = b + s - 4875, -3*b - 85*s = -90*s - 14617. What is the hundreds digit of b?
8
Let i(g) = -g**3 + 3*g**2 - 33*g + 43337. What is the tens digit of i(0)?
3
Suppose 38*l - 40*l = 1436. What is the hundreds digit of -3 + -1 + 6 - l?
7
Let n be (-5224)/(-18) - ((-6)/(-27))/1. Let x = n + -144. Let g = x + -69. What is the units digit of g?
7
What is the units digit of 3/(17 + 306844/(-18050))?
5
Suppose -48 = 16*h + 96. What is the tens digit of (-1 + 0)*(-100 + h - -8)?
0
Let i be ((-2)/(-6))/(28/168). Let n be ((-6)/(-6))/(i/1830). Suppose 210 - n = -3*k. What is the tens digit of k?
3
Let n = -17235 - -26862. What is the thousands digit of n?
9
Let b be (-20)/(12/(-16)*1/9). Suppose 3*a + 4*c - 9 = -c, -30 = -3*a + 2*c. Suppose -a*t + 216 = -b. What is the units digit of t?
7
Let o(t) = 247*t**3 - 112*t + 455. What is the thousands digit of o(4)?
5
Let k(h) = 52*h**3 - 440*h**2 - 2*h - 37. What is the hundreds digit of k(10)?
9
Suppose 2*o - 18 = 130. Suppose 0 = l - o + 74. Suppose -12*d + 503 + 1885 = l. What is the tens digit of d?
9
Let s = 518 + -520. What is the units digit of ((-137)/s)/((-3)/(-6))?
7
Let u(g) = -g + 1. Let j(m) = 3*m**3 - 4*m**2 - 6*m + 12. Let f(s) = j(s) - 5*u(s). What is the units digit of f(6)?
5
Let j be (113/(-3))/(15/(-135)).